prime factors of q(5)?
3, 7
Suppose 3*r - 8 = 3*d + 2*r, 2*d + 2*r = -8. Let m be (6/(-5))/((-3)/(-10)). What are the prime factors of (m/d)/(8/132)?
2, 11
Let b = -40 - -1422. List the prime factors of b.
2, 691
Suppose 3913 = 13*l - 715. What are the prime factors of l?
2, 89
Let x(t) = -t**2 - 6*t - 5. Let v be x(-6). Suppose -2*p + 4*p = -4. List the prime factors of p - (-24)/(-2 - v).
2, 3
Suppose -3*u + 3*j + j - 15 = 0, u - 2*j + 7 = 0. Let v(h) = 89*h**2 + h. What are the prime factors of v(u)?
2, 11
Suppose 0 = 17*s - 20*s + 9. Suppose -5*m - s*j + 1350 = 2*j, -3*m + 845 = -4*j. What are the prime factors of m?
5, 11
Suppose -10*i = -6*i - a - 8, -10 = -5*i - 4*a. Let f(r) = 25*r + 12. What are the prime factors of f(i)?
2, 31
Let z be 1*2 - (-3 + 3). Suppose 0 = 4*n - 2*q + 82, -z*n - 12 = 5*q + 35. Let o = -16 - n. List the prime factors of o.
5
Let m(t) = -6*t + 5*t**3 + 0*t**2 - 1 - t**2 + 7*t. Let s be m(1). List the prime factors of 0 + (2 - s/(-4)).
3
Suppose -27*d + 5*b + 2915 = -26*d, 0 = -2*d + 5*b + 5805. What are the prime factors of d?
2, 5, 17
Let s(g) be the third derivative of -g**5/60 + 11*g**4/24 - 7*g**3/3 - 15*g**2. List the prime factors of s(8).
2, 5
List the prime factors of (-15)/45*(-583*7 - 2).
1361
Let l be (-1)/4 - 9/(-4). Suppose -2 = -l*n + 2. Suppose 3*j - 16 = -d, 2*j + 0*j = n*d - 24. What are the prime factors of d?
13
Let d(w) = -w + 1. Let t be d(-4). Suppose s - 4*i + 120 = t*s, 0 = 2*s + 5*i - 51. List the prime factors of ((-6)/3)/((-2)/s).
3, 11
Suppose -5*s = 5*j - 18975, 58*j + 5*s = 61*j - 11417. List the prime factors of j.
29, 131
Let m = 44 + -44. Suppose m = -b - 0*b + 6. List the prime factors of b.
2, 3
Suppose 3*y = -3*i + 411, -2*i + 7*i + 119 = y. Suppose 3*o - o = y. List the prime factors of o.
67
Let l(q) = 2*q**2 - 14*q + 1. Let u be l(9). Let p = 87 - u. What are the prime factors of p?
2, 5
Suppose 5*m + 0*s - s - 1018 = 0, 3*s + 198 = m. Suppose 7*i = 4*i + m. List the prime factors of i.
2, 17
Suppose 4*b = 3*b + 49. Let q = b - 34. What are the prime factors of (-5)/q*(-57 + 0)?
19
Suppose 2*t + t = -3. Let x be ((-1)/3)/(t/6). List the prime factors of 22 - (x + -4 - 0).
2, 3
Let g = 12 - 3. Let p be -28*((-7)/2 + 3). Let d = g + p. What are the prime factors of d?
23
Let b(h) = 28*h**2 - 6*h - 7. List the prime factors of b(6).
5, 193
Suppose y = -3*a + 127, -a = 3*y + 20 - 57. What are the prime factors of a?
43
Suppose -156313 + 29172 = -41*r. List the prime factors of r.
7, 443
Let h(i) = -190*i + 14. Let r(u) = 38*u - 3. Let c(s) = 2*h(s) + 11*r(s). What are the prime factors of c(1)?
3, 11
Suppose -n + 17 = 2*n - 2*o, -5*o = 4*n - 61. Suppose -843 = -n*m + 264. What are the prime factors of m?
3, 41
Suppose 5*u + 359 = 5669. List the prime factors of u.
2, 3, 59
Suppose 13130 = 5*i + 2*t, -i + 1235 = -3*t - 1391. List the prime factors of i.
2, 13, 101
Suppose -2*p = 4*m + p - 8, 0 = 4*p. Suppose -196 = -3*g - c, -g - c = -m*g + 68. What are the prime factors of g?
2, 3, 11
Suppose 0*x - 532 = -4*x. Let c = x - 93. Suppose -p = 10 - c. List the prime factors of p.
2, 3, 5
Let f(g) = -54*g - 23. List the prime factors of f(-9).
463
Let w be -13*3/15*-5. Let s(y) = -y**3 + 13*y**2 + 5*y - 1. What are the prime factors of s(w)?
2
What are the prime factors of (-3 - 12/(-5))*-390?
2, 3, 13
Let d = 975 + 370. List the prime factors of d.
5, 269
Suppose -14065 = -4*d - 5*a - 545, -5*d + 4*a = -16859. List the prime factors of d.
3, 5
Suppose 4*c + 1988 = -3*l - 7132, -l = 3*c + 6835. List the prime factors of c/(-22) - (-6)/(-4).
2, 3, 17
Suppose 0 = 5*a + 5*c + 465, 5*c + 277 = -4*a - 97. Let k = a - -202. What are the prime factors of k?
3, 37
Let p be (12/8)/((-1)/(-2) + 0). Suppose 0*j - 135 = -5*t - 3*j, -p*j - 9 = -t. List the prime factors of t.
2, 3
Let z(k) = 22*k**2 + 35*k + 85. List the prime factors of z(-7).
2, 3, 17
Let z(a) = 2*a**2 + 2*a + 2. Let r be z(-1). Suppose -w = -4*i + 475, r*i + 0*i + 5*w - 221 = 0. List the prime factors of i/2*(5 + -4).
59
Let s(f) = -f**3 + 5*f**2 + 3*f - 21. Let p be s(5). List the prime factors of ((-38)/(-4))/((-1)/p).
3, 19
Let z = 25 + -22. Let n(u) = -2 - 2*u + z*u + 9 + 12. What are the prime factors of n(-9)?
2, 5
Suppose -2*c - 6 = 0, 0*x + 6 = -3*x + 4*c. Let u = x - -6. Suppose u*o - 3*o + 84 = 0. What are the prime factors of o?
2, 7
Let g(r) = -r**2 + 14*r - 17. Let u be g(12). Let y = 20 - u. Suppose 17*s - y*s = 32. What are the prime factors of s?
2
Suppose 5*n + 613 = 218. Suppose 5*v - 580 = 5*c, -c + 3*v = c + 234. Let g = n - c. What are the prime factors of g?
5, 7
Suppose 0 = -4*h + 2*h - 4*q - 2, -4*q = 4*h - 4. List the prime factors of 102*(-1 - (h/6 - 3)).
3, 17
Let u(c) = -589*c**3 + c**2 - 8*c - 8. List the prime factors of u(-1).
2, 5, 59
Let o(c) = -c**3 + 8*c**2 - 4*c - 18. Let i be o(7). Suppose -z + 3 = -0. Suppose i*g - 4 = g, -z*h - g = -53. What are the prime factors of h?
17
Suppose -s = -0*s. Suppose s*c = -c. Suppose c*b - 70 = -2*b. List the prime factors of b.
5, 7
Suppose -4*g - 173 = -m + 11, 3*m = -4*g + 584. Suppose 9*o + m = 13*o. What are the prime factors of o?
2, 3
Suppose 327 = 5*t - 88. Let f = 131 - t. Suppose p - f = -p. What are the prime factors of p?
2, 3
Let t(z) = z + 3. Let f be t(0). Let p = f + 1. Suppose -p*m + 15 = -25. What are the prime factors of m?
2, 5
Let m(y) = 167*y**2 + 2*y + 9. List the prime factors of m(-2).
673
Suppose -6 = 5*w - 4*w. Let f(i) = i**3 + 5*i**2 - 5*i + 7. Let l be f(w). List the prime factors of l + -1 + 3 - -19.
2, 11
Let f = -78 + 273. What are the prime factors of f?
3, 5, 13
Suppose -2*f - 7 = 3*x, 0 = 5*f - x - x - 30. Let a be f/((-1 - -7)/3). Suppose a*p + 24 = 3*p. List the prime factors of p.
2, 3
Suppose -4*q = q. Let z be q/(-3) - (0 + -19). Let r = 41 - z. What are the prime factors of r?
2, 11
Let z(w) = 27*w + 1. Let k be z(-2). Suppose 32*t = 30*t + s + 165, 2*t + 5*s - 171 = 0. Let l = k + t. List the prime factors of l.
2, 3, 5
Let d(i) = -i**3 - 7*i**2 - 7*i - 6. Suppose -2*p - 24 = 4*c, -6*c - 2*p - 18 = -3*c. Let q be d(c). Suppose q = -h + 3*h - 96. What are the prime factors of h?
2, 3
Let v(a) = 2*a - 8. List the prime factors of v(6).
2
Let w = -18 - -35. Let d = w + -14. Suppose d*a + 4*q = 23 + 27, -16 = -a - 2*q. What are the prime factors of a?
2, 3
Let b(g) = g**3 - 11*g**2 + 4*g - 1. Let x = 28 - 17. Let h be b(x). Let z = 106 - h. What are the prime factors of z?
3, 7
Suppose 0 = -7*x + 3*x + 208. List the prime factors of x.
2, 13
Let b(a) = -a**2 + 4*a - 9. Let g be b(7). What are the prime factors of g/(-15) + 72 + 0?
2, 37
Suppose -3*u + 2*u - 1 = 0, 5*z = -u - 1. Suppose z*r - 3*r = -165. What are the prime factors of r?
5, 11
Let p(i) = i**3 + 3*i**2 - 14*i + 2. What are the prime factors of p(7)?
2, 197
Let p = -561 + 1300. What are the prime factors of p?
739
Let s(t) = -51*t + 25. List the prime factors of s(-14).
739
Let p = -8 - -15. List the prime factors of (p + -3)/((-2)/(-29)).
2, 29
Let l(c) = -19*c + 23. Let y be l(-10). Suppose -v = -2*p + 139, 3*p + 2*v - y = -v. List the prime factors of p.
2, 5, 7
Suppose -30 = 5*l + 10. Let n(p) = 8*p - 4. Let k be n(3). Let x = k - l. List the prime factors of x.
2, 7
Suppose 2*c + 1 = -l - 3, 3*l - 4 = 2*c. Suppose 0 = -a - b + 2, l*a = 4*a - 2*b + 16. Let d = a + 5. What are the prime factors of d?
3
Let w = -1955 - -2906. What are the prime factors of w?
3, 317
Suppose 2*x - 9 = -l, -4*x = -7*x + 5*l - 6. Suppose -5*o = x*w + 1 - 9, 3*o - 3*w = 24. What are the prime factors of (16/3)/(o/12)?
2
Suppose 0*f + 2*u + 12 = 3*f, 2*f - 3*u - 13 = 0. List the prime factors of 0 - (f + -5) - -3.
2, 3
Suppose 5*m + 11732 = 4*k, -k - 4*m - m + 2958 = 0. List the prime factors of k.
2, 13, 113
Let l(h) = -4 - 3 + 7*h - 1 + 5. Let w be 24/10 + (-6)/15. List the prime factors of l(w).
11
Let v(u) = 2*u**2 - 14 + 19 - 11 - 6*u - 15. What are the prime factors of v(10)?
7, 17
Let j = -902 - -1354. What are the prime factors of j?
2, 113
Suppose 4*r = -9*k + 7*k + 1228, -3100 = -5*k + 5*r. What are the prime factors of k?
2, 3, 103
Suppose -392 = -5*k + 73. Suppose 24*y = 22*y + 4. Suppose -y*p + 5*p - k = 0. List the prime factors of p.
31
Let c(p) = 3*p**2 +